= 8347 - 1897. Let z = -1450 + t. Let d = 10269 - z. Is d composite?
True
Let i(s) = -1383*s**3 - s**2 + 5*s + 3. Let x be i(-1). Let j = x - 809. Is j composite?
False
Let h(r) = -6 - 25*r - 22*r - 4*r - 17. Let c(n) = -2*n**3 + 7*n**2 + 2. Let k be c(4). Is h(k) a prime number?
True
Let y(j) = -j**3 - 8*j**2 - 198*j + 1286. Is y(-51) composite?
True
Let q(f) = 32*f**3 + 23*f**2 - 39*f - 118. Is q(20) a composite number?
True
Let m(q) = -1881*q + 4. Let k(r) = r + 1. Let b(y) = 5*k(y) + m(y). Is b(-2) composite?
False
Let g = 108 + -126. Is (-7)/(-1) + (-44496)/g prime?
False
Suppose -12*t = -9*t - 414. Let n be (1/(-2)*13)/((-3)/t). Let u = n + 1052. Is u prime?
False
Suppose 12 = 4*t, -t + 393 = 4*p - 2*t. Suppose -p*n - 28278 = -108*n. Is n a prime number?
False
Let h(p) = -5*p**2 + 30*p + 15. Let v(s) = 7*s**2 - 30*s - 15. Let b(g) = 7*h(g) + 6*v(g). Is b(-20) a prime number?
False
Suppose 39*v = 17*v + 337579 + 132055. Is v a prime number?
True
Let d(l) = -653*l - 1491. Is d(-8) composite?
False
Suppose -4*n - 1919837 + 13509998 = 29*n. Is n prime?
True
Let t be 1 - (2 - (10 - 4)). Suppose -4*z + 9229 = -f, 0 = 2*z + z + t*f - 6916. Is z a prime number?
False
Suppose 3*k + 4*s = -28620, 2*s + 47695 = -5*k - 3*s. Let z = k - -14542. Is z a composite number?
True
Suppose -5*y = 2*m - 2, -1 = -5*m - 21. Suppose -y*k = -0*k - 4*w - 4102, 3*k = -5*w + 6164. Is k composite?
False
Suppose 6*g + 0*g - 36 = 0. Let b = g + -4. Is (-4)/2*b*5919/(-12) prime?
True
Let f be (-5)/(-2)*42/35. Suppose -f = -m + p, 4*m + p = -8 + 25. Is 1923/6*(-3)/((-6)/m) a composite number?
False
Let x(t) = 9*t**3 + 7*t**2 - 2*t - 16185. Let b(w) = 5*w**3 + 4*w**2 - w - 8092. Let q(v) = 11*b(v) - 6*x(v). Is q(0) prime?
False
Let s = 75 - 73. Suppose s*t - 12167 = -5*h + 4*h, 0 = 3*t + 3*h - 18246. Is t prime?
False
Suppose 3*p + z - 6832 = 10910, 11827 = 2*p + z. Let j = p + -3862. Is j a composite number?
False
Let v = 6158 - -6529. Is (0 + v)/(12 - 11) composite?
True
Is -16108*(-189)/28 - (0 + -1 + 3) a prime number?
True
Let r = -106 - 24. Suppose -42*z = -138*z - 8928. Let q = z - r. Is q a prime number?
True
Let c(g) = -518*g**2 + 13*g - 2. Let u(a) = -a**2 - a. Let r(o) = -c(o) - 4*u(o). Is r(-3) prime?
False
Let r(g) be the first derivative of -95*g**4/12 - 29*g**3/6 + 17*g**2/2 - 36. Let j(q) be the second derivative of r(q). Is j(-3) a composite number?
False
Let u(f) = f**3 - 5*f**2 + 8 - 3*f + 5*f + 3*f - 2*f. Let z be u(4). Suppose -4*y + 752 = -y - 5*d, y - z*d = 239. Is y composite?
True
Suppose 3 = 3*y, 2*n - 3*y = -y + 2266. Suppose -4*m + 5*v = -3548, m + 247 = -5*v + n. Is m a prime number?
True
Let p = 104839 + -36620. Is p composite?
False
Let q(j) = -6*j**2 - 43*j - 8. Let l be q(-6). Is (-48573)/(-4) + (l/(-8) - -4) a prime number?
True
Suppose -209*z = -217*z + 78344. Is z composite?
True
Let c be -6 - (-4)/4 - -7. Is (1361/c)/(10/4 - 2) a prime number?
True
Let d(h) be the first derivative of h**2/2 + 7*h - 17. Let w be d(-5). Suppose 3*x = -w*x, 0 = -5*j + 2*x + 670. Is j prime?
False
Let q = 1094 + -3198. Let r = 1061 + q. Is r/(-1)*(-2)/(-2) composite?
True
Let n(g) = -2*g**3 - 17*g**2 - 9*g - 16. Let i be n(-9). Suppose -4*w - i = -1318. Is w a prime number?
True
Let w = 130 - 125. Suppose 0 = w*z - 0*z + 9*z. Suppose d + 2*v - 2183 = z, 2*d - 2429 - 1946 = -v. Is d a composite number?
True
Let d be (-1 + (-19508)/(-8))/((-9)/(-24)). Let o = -2173 + d. Is o a prime number?
True
Suppose -8*x - 5*y = -4*x - 51, -2*x + 53 = -3*y. Suppose x*g = 15*g + 21748. Is g a prime number?
True
Let j = -212 + 61. Let b = j - -151. Suppose -20568 = -4*a - 5*q, -3*q + b*q = 5*a - 25723. Is a prime?
True
Let j(t) = -35032*t + 505. Is j(-3) a composite number?
False
Suppose 3*u - 2*k = 104667, 1046*u - 1049*u = 2*k - 104667. Is u prime?
False
Let n(q) = -2*q + 37. Let d(y) = 2*y - 11. Let f be d(13). Let j be n(f). Is 3/(-1) + j + 63 prime?
True
Let c be ((-16)/18)/(-4) - 43/(-9). Is c/(125/165565) - 2/(-5) prime?
False
Let y(t) = t - 5. Let j be y(9). Suppose -61 = j*i - 69. Suppose 1202 = 4*f - i*x, 3*f - 2*x - 762 = 139. Is f a composite number?
True
Let j(g) = 15*g**2 + 558*g - 4 - 551*g + 9 - 8*g**2. Is j(9) a prime number?
False
Suppose -15*s = 133977 - 496932. Is s a prime number?
True
Suppose 0 = 8*t - 2*t - 61782. Is (2 - t/(-2))*(-48 + 50) composite?
False
Suppose v = -18*v + 133. Let i(d) = 3*d**3 - d**2 - 5*d + 46. Is i(v) prime?
True
Let j = 39 + -30. Let g be ((-9)/(-3) + 3798)/(j/6). Suppose -5*h = -3*h - g. Is h prime?
False
Let u(a) = 150*a + 281. Let j be u(-30). Let q = j + 79400. Is q a prime number?
True
Let m(x) = -11*x**3 - 22*x**2 - 23*x + 13. Let q(w) = 6*w**3 + 11*w**2 + 12*w - 7. Let f(b) = 3*m(b) + 5*q(b). Is f(-9) prime?
True
Let u(b) = -18*b - 9*b**2 - 17 + 3*b + 32*b + b**3. Let m be u(7). Suppose m*i - 679 = 14181. Is i prime?
False
Let m be (-13)/(1 - 0)*100004/(-92). Let c = -3426 - 3450. Let d = m + c. Is d composite?
True
Suppose -3*r - 10 = 53. Let y = r + 22. Is 114 + y/(-4)*-4 composite?
True
Let t = -13508 - -32689. Is t prime?
True
Suppose -10*z + 0*z - 3*z + 210379 = 0. Is z prime?
True
Let s(l) = l**3 - 206*l**2 + 1279*l - 1717. Is s(205) prime?
True
Let n(s) be the first derivative of 125*s**4/12 - 31*s**3/6 + 23*s**2/2 - 6. Let j(u) be the second derivative of n(u). Is j(5) a prime number?
False
Let d(s) = -30*s - 37. Suppose 2*h = -0*h + 10. Let k(q) = 31*q + 38. Let b(r) = h*d(r) + 4*k(r). Is b(-9) a composite number?
True
Suppose -56 = 30*l - 23*l. Let p be 1478 - ((-4)/1 - 16/l). Let a = p - -2179. Is a a composite number?
False
Suppose 5*q = 8*v - 5*v + 53172, 21274 = 2*q + 4*v. Suppose -p + 11*g - 13*g + q = 0, -4*g = -2*p + 21310. Is p prime?
False
Suppose -109 = -7*z - 88. Suppose 2*j = -5*w + z*w + 2506, w + 6241 = 5*j. Is j prime?
True
Let i = 177779 - 85516. Is i a composite number?
True
Is 161676/(26/13) + 11 prime?
True
Suppose -20*y = -12*y - 147064. Let z = y + -10390. Is z prime?
True
Let o = -50 - -40. Let x be 8/3*(-27615)/o. Suppose 2*h + f - 4907 = 0, 3*h - f + 6*f - x = 0. Is h a composite number?
True
Let d = 8 - 10. Let g be 2/(d - 0)*-4. Suppose -a = -g*b - 1 - 158, 4*a - 5*b - 625 = 0. Is a a composite number?
True
Let v = 1108 + -21. Suppose v = -7*d - 15027. Let m = 381 - d. Is m prime?
True
Is 1 + 2 + 9 + 1108092/3 + 3 a composite number?
True
Let s = 3992 - 8817. Let g = s + 7304. Is g a composite number?
True
Let d(j) = 14*j**2 - j**3 + 3 - 2*j - 3*j + 0*j - 8*j. Let k be d(13). Suppose -k*t = -q - 796, 7*q = 4*q + 15. Is t a composite number?
True
Suppose -3*h + 3*r = 18147, h = 2*h - 4*r + 6046. Let d = h + 11832. Suppose 0 = -5*f + 3*q + d, 0 = 5*f - 3*f - 3*q - 2311. Is f prime?
False
Let g(v) = 1587*v**2 + 41*v + 35. Is g(-5) prime?
False
Let d = 39 - 37. Suppose -5*f - 2*f - d*f = 0. Suppose -3*s - 4*p + 333 = -2*s, 3*p + 3 = f. Is s a composite number?
False
Suppose 192114 = -302*m + 315*m. Suppose -4*i + 28959 = 5*k + 10480, 4*k = 2*i + m. Is k prime?
False
Suppose -4*b + 411724 = 4*h, -2*b + 411730 = 11*h - 7*h. Is h/4 - 63/(-42) a composite number?
True
Let i = 45663 - -189256. Is i composite?
True
Let s = -218 + 223. Suppose 13459 = s*d - 16936. Is d composite?
False
Suppose 2*n = -152*t + 148*t + 190438, 3*n - 285657 = -4*t. Is n prime?
True
Let b = 591 + -589. Suppose b*v = -2*p + 48, -4*v - 34 = 2*p - 134. Is v prime?
False
Let p(r) = -15*r**2 + 13*r + 3. Let g be p(10). Is 1*g*2/((-4)/2) a composite number?
False
Let a = 4876 - -74419. Is a a composite number?
True
Let o(r) = 2681*r**2 + 24*r - 105. Is o(4) a prime number?
False
Suppose 0 = -f - 2*f + 5*m + 34314, 5*f + m - 57218 = 0. Is f a composite number?
False
Suppose -8*y - 80 = -7*y. Let c = y + 81. Is ((-5806)/4)/(c - (-3)/(-2)) a composite number?
False
Let a(i) = 245*i**2 - 7*i + 9. Let c be 1*(0 + -5)*19/19. Let s be a(c). Suppose -3*b = 4*k - 8579 + 2400, 3*b - s = -2*k. Is b a prime number?
True
Suppose 943*z - 37240 = -2*v + 939*z, 2*v + 2*z = 37242. Is v composite?
True
Let d be 240*(-6)/(-14)*854/183. Is 10*6/d - (-104750)/16 composite?
False
Suppose -5*r = 2*f + 519 + 33, -4*f + 3*r = 1104. Let h = f - -353. Is h a composite number?
True
Let u(b) = 770*b**2 + 87*b - 3099. Is u(26) a composite number